
5, 4481, 121321
What are the prime factors of 469630000?
2, 5, 7, 6709
What are the prime factors of 12439677?
3, 4146559
What are the prime factors of 3825633089?
31, 123407519
List the prime factors of 13473833.
13473833
List the prime factors of 174268278.
2, 3, 9681571
What are the prime factors of 472374845?
5, 503, 187823
List the prime factors of 67630900.
2, 5, 29, 23321
What are the prime factors of 1166830417?
1166830417
What are the prime factors of 1858550381?
17, 109326493
List the prime factors of 6531177.
3, 29, 41, 1831
What are the prime factors of 220607881?
13, 23, 737819
List the prime factors of 4234448529.
3, 61, 2571007
What are the prime factors of 29802381?
3, 7, 1419161
List the prime factors of 572278422.
2, 3, 95379737
List the prime factors of 914196924.
2, 3, 25394359
List the prime factors of 3555919703.
7, 16657, 30497
What are the prime factors of 165999419?
83, 1999993
List the prime factors of 2215351741.
2215351741
What are the prime factors of 218597157?
3, 29, 279179
List the prime factors of 1788583524.
2, 3, 7, 13, 151, 10847
List the prime factors of 163067114.
2, 7, 53, 219767
List the prime factors of 3707259796.
2, 47, 769, 25643
List the prime factors of 698535739.
11, 63503249
List the prime factors of 299672196.
2, 3, 29, 293, 2939
List the prime factors of 83093652.
2, 3, 827, 2791
What are the prime factors of 44052576?
2, 3, 17, 26993
List the prime factors of 178875128.
2, 41, 71, 7681
List the prime factors of 56657582.
2, 19, 37, 59, 683
What are the prime factors of 95891739?
3, 31963913
List the prime factors of 329704330.
2, 5, 32970433
List the prime factors of 1125102210.
2, 3, 5, 71, 528217
What are the prime factors of 1197409739?
17, 23, 29, 105601
List the prime factors of 21217988.
2, 11, 482227
What are the prime factors of 157486223?
127, 547, 2267
What are the prime factors of 456701614?
2, 67, 151, 22571
List the prime factors of 607374804.
2, 3, 61, 89, 9323
What are the prime factors of 1306360340?
2, 5, 65318017
What are the prime factors of 11085365?
5, 2217073
What are the prime factors of 65537997?
3, 7, 3120857
List the prime factors of 20198238.
2, 3, 1669, 2017
What are the prime factors of 26590192?
2, 1661887
List the prime factors of 2093938371.
3, 7, 79, 46747
List the prime factors of 155918709.
3, 5774767
List the prime factors of 47989964.
2, 11, 1090681
What are the prime factors of 665229467?
7, 95032781
What are the prime factors of 9892924?
2, 43, 113, 509
What are the prime factors of 318404597?
7, 173, 37561
List the prime factors of 10481408.
2, 7, 5849
List the prime factors of 208378350.
2, 3, 5, 17, 27239
What are the prime factors of 292518095?
5, 58503619
List the prime factors of 208015835.
5, 41603167
What are the prime factors of 3479604754?
2, 241, 2207, 3271
List the prime factors of 546408519.
3, 182136173
List the prime factors of 9161975.
5, 366479
List the prime factors of 142689624.
2, 3, 7, 11, 77213
List the prime factors of 166331905.
5, 2017, 16493
List the prime factors of 157946854.
2, 13, 149, 40771
List the prime factors of 299131239.
3, 11, 59, 13967
List the prime factors of 567314099.
11, 197, 389, 673
What are the prime factors of 1167655637?
1167655637
What are the prime factors of 638088009?
3, 13, 59, 277309
What are the prime factors of 501968290?
2, 5, 50196829
What are the prime factors of 343273847?
7, 49039121
List the prime factors of 6099216.
2, 3, 283, 449
What are the prime factors of 160227627?
3, 7, 19, 73, 5501
What are the prime factors of 2196602741?
23, 61, 821, 1907
List the prime factors of 516278302.
2, 2423, 106537
What are the prime factors of 1642411374?
2, 3, 41, 797, 8377
List the prime factors of 2892594566.
2, 113, 12799091
What are the prime factors of 305259174?
2, 3, 11, 17, 23, 3943
List the prime factors of 283181470.
2, 5, 11, 13, 15233
List the prime factors of 223383961.
17, 1039, 12647
What are the prime factors of 87355446?
2, 3, 37, 43, 9151
What are the prime factors of 3239519766?
2, 3, 7, 77131423
List the prime factors of 3027731782.
2, 271, 607, 9203
What are the prime factors of 2401278561?
3, 11, 29, 83, 3359
List the prime factors of 295377671.
295377671
List the prime factors of 474687836.
2, 7, 43, 394259
What are the prime factors of 332827069?
47, 7081427
List the prime factors of 5471277600.
2, 3, 5, 103, 22133
List the prime factors of 2247945903.
3, 7, 179, 28477
List the prime factors of 3799023888.
2, 3, 11, 53, 135757
List the prime factors of 58432958.
2, 43, 197, 3449
List the prime factors of 673800339.
3, 224600113
What are the prime factors of 58050706?
2, 7, 37, 112067
What are the prime factors of 137339092?
2, 11, 743, 4201
What are the prime factors of 35580903?
3, 3083, 3847
What are the prime factors of 7448192472?
2, 3, 7, 709, 8933
What are the prime factors of 812929580?
2, 5, 40646479
List the prime factors of 8357130828.
2, 3, 71, 193, 5647
What are the prime factors of 2979374864?
2, 186210929
What are the prime factors of 235314852?
2, 3, 643, 30497
List the prime factors of 448407095.
5, 31, 2892949
What are the prime factors of 588512435?
5, 7, 16814641
What are the prime factors of 832838205?
3, 5, 2531, 21937
What are the prime factors of 7194340270?
2, 5, 13, 3259, 16981
List the prime factors of 164899623.
3, 7, 79, 99397
List the prime factors of 3153950079.
3, 7, 59, 2545561
What are the prime factors of 4740994?
2, 17, 19, 41, 179
List the prime factors of 97946548.
2, 7, 37, 94543
List the prime factors of 450075949.
31, 113, 128483
List the prime factors of 2373429997.
20731, 114487
List the prime factors of 606737974.
2, 303368987
List the prime factors of 172135719.
3, 7, 910771
List the prime factors of 166409833.
1019, 163307
What are the prime factors of 2276092927?
29, 641, 122443
What are the prime factors of 85316199?
3, 28438733
List the prime factors of 219676478.
2, 7, 31, 439, 1153
What are the prime factors of 268246695?
3, 5, 17883113
List the prime factors of 180226194.
2, 3, 97, 309667
What are the prime factors of 1061116184?
2, 691, 191953
List the prime factors of 3842998007.
19, 37, 5466569
List the prime factors of 1062954508.
2, 7, 11, 313741
What are the prime factors of 60703613?
19, 3194927
What are the prime factors of 742602492?
2, 3, 2291983
List the prime factors of 2601891599.
17, 1889, 81023
List the prime factors of 825663955.
5, 165132791
List the prime factors of 524852083.
7, 283, 5407
List the prime factors of 15563047.
15563047
List the prime factors of 2573979559.
227, 11339117
List the prime factors of 716118859.
151, 463, 10243
List the prime factors of 6008491307.
7, 13, 1201, 4229
List the prime factors of 884143500.
2, 3, 5, 683, 863
List the prime factors of 689330031.
3, 13, 53, 333493
What are the prime factors of 2393738129?
31, 661, 116819
What are the prime factors of 3519595905?
3, 5, 7, 173, 193757
List the prime factors of 31352882.
2, 11, 443, 3217
List the prime factors of 969674158.
2, 19, 23, 58393
What are the prime factors of 270146295?
3, 5, 6003251
What are the prime factors of 1612764808?
2, 1307, 154243
What are the prime factors of 320962868?
2, 80240717
List the prime factors of 413699968.
2, 11, 26711
List the prime factors of 124447358.
2, 7, 1269871
List the prime factors of 51349285.
5, 13, 29, 27241
List the prime factors of 127234971.
3, 37, 382087
What are the prime factors of 89317395?
3, 5, 23, 86297
List the prime factors of 407070870.
2, 3, 5, 89, 152461
What are the prime factors of 120490901?
659, 182839
What are the prime factors of 191220978?
2, 3, 13, 19, 6791
List the prime factors of 3553431215.
5, 710686243
List the prime factors of 199587206.
2, 7, 13, 59, 18587
List the prime factors of 1743643283.
1559, 1118437
What are the prime factors of 1175322842?
2, 587661421
What are the prime factors of 4053099455?
5, 17, 257, 185539
List the prime factors of 3264451951.
829, 3937819
List the prime factors of 5784060783.
3, 89, 21663149
What are the prime factors of 1869985574?
2, 934992787
List the prime factors of 252229544.
2, 7, 17, 53, 4999
List the prime factors of 614062828.
2, 11779, 13033
What are the prime factors of 7916552778?
2, 3, 1319425463
What ar